Let d be (-2)/4 - 146/t. Suppose 6*z - 4*q = 2*z + 48, 0 = -4*z - 2*q + d. Calculate the highest common factor of 10 and z.
10
Suppose -5*d = -53*b + 49*b - 14464, 0 = 5*d + 5*b - 14500. What is the highest common divisor of d and 80?
16
Let z be (-157899)/438*12/(-14). What is the highest common factor of 51 and z?
3
Suppose -y - 3*y + 215 = 5*m, 5*y + m - 295 = 0. Suppose 55*n = 25*n - 390. Let j be (1*-1)/(1552/120 + n). What is the highest common divisor of y and j?
15
Suppose -4*w + 4 + 8 = 0. Suppose 143 = 5*u - 4*g, w*u - 16 = 3*g + 71. Calculate the greatest common factor of 351 and u.
27
Let a be -1 + 2*(3 - -30)/3. Suppose 17 + a = 3*i + k, 5*k + 62 = 3*i. What is the highest common divisor of i and 56?
14
Let r(n) = -57*n + 529. Let d be r(9). What is the highest common divisor of 10 and d?
2
Let x = 472 + -260. Suppose 0 = r + 3*v - 6*v - 92, -2*r - 4*v = -164. Let z = x - r. What is the greatest common divisor of z and 14?
14
Let a = -1067 + 2017. Suppose 2*y - 549 = -4*m - 169, -5*y - 3*m = -a. What is the highest common divisor of 20 and y?
10
Let j be -4*(-2)/20 - (-256)/10. Let n(v) = -v**3 + 28*v**2 - 47*v - 61. Let m be n(j). What is the highest common factor of 437 and m?
23
Let w be ((-1)/(-9) - (-20)/(-18)) + 71. Let g(i) = -i**3 - 6*i**2 - 2*i - 4. Let n be g(-8). Calculate the greatest common factor of w and n.
70
Let j(t) = 8*t**2 + 119*t - 2162. Let u be j(26). Calculate the highest common divisor of u and 20.
20
Let d(i) = i**2 + 6*i + 5. Let a be d(-5). Let q be a/(-6*(-4)/(-8)). Suppose l + q*l - 7 = 3*p, -p + 4 = 0. What is the greatest common factor of 19 and l?
19
Let x(r) = -120*r - 12. Let g be x(-1). Let i(v) = 6*v**2 - 13*v + 9. Let a be i(9). What is the greatest common divisor of g and a?
54
Suppose 2*v = -5*m + 529, 5*m - 180 - 339 = 3*v. Let u be (-48 + 38)*((-3)/2)/1. Calculate the greatest common divisor of u and m.
15
Let n(b) = b**2 - 3*b + 5. Let q be n(8). Let l be (-648)/156 + 2/13. Let z be (1 + l - -6) + (-210)/(-5). What is the greatest common divisor of z and q?
45
Let s = -143 - -54. Let l = s - -118. What is the highest common divisor of l and 116?
29
Let d be ((-880)/112 - 1/7) + -1. Let g be (d + 15)/((-3)/(-22)). Calculate the highest common divisor of 154 and g.
22
Suppose 0 = -3*o - 1 - 2, 0 = z - 3*o - 33. Let h = 69 + -59. Suppose -h*i - 9*i = -855. What is the highest common factor of i and z?
15
Suppose 8*t = 5*i + 10*t - 8186, 4*i + 3*t = 6546. What is the greatest common factor of i and 1274?
182
Let c(d) = -d**2 + 60*d - 4. Let j be c(11). Let i = j + -531. Calculate the highest common factor of i and 6.
2
Let p(g) = -5 - 161*g**3 + 160*g**3 - 5 + 11*g**2. Let t be ((-5)/(-3))/((-3)/(-9)). Let v be p(t). Calculate the greatest common factor of v and 20.
20
Suppose -33*d - 480 = 7*d. Let q be d*(-5)/105 - (-3096)/21. What is the greatest common factor of q and 8?
4
Let s be 38/4 + (-9)/6. Suppose 62*h - 57*h = -75. Let z(n) = -n**3 - 13*n**2 + 30*n + 8. Let o be z(h). Calculate the greatest common factor of s and o.
8
Let c = 1147 + -220. What is the greatest common factor of 18 and c?
9
Let l = -203 + 201. Let x be (-1 - l) + -4*1071/(-28). What is the greatest common factor of 28 and x?
14
Let i = -810 - -1191. Suppose -c = 3, 0 = a - c - c - i. Calculate the highest common divisor of 25 and a.
25
Suppose -25 = -106*b + 100*b - 7. Suppose 3*h = -2*r + 359, 3*h + r - 379 = 3*r. What is the highest common divisor of h and b?
3
Let s(d) = 9*d**2 + 2*d - 2. Let r be s(-2). Let z = 348 + -316. Let o = z + 43. Calculate the highest common factor of o and r.
15
Let h be -3*(8/(-6))/4*5. Suppose h*x - 24 = d, 2*d - 8 + 32 = 4*x. Let u be x/((-20)/15) - -15. What is the highest common divisor of u and 60?
12
Suppose -3375 = -124*i + 1089. Suppose 5*a - 2066 = f, -2*a + 832 = 3*f - 2*f. Calculate the greatest common factor of i and a.
18
Let i = 5538 + -2116. What is the highest common divisor of 116 and i?
58
Let b be (-17)/(-3) - (-2)/(-3). Suppose -62 = -b*j - 362. Let u = -36 - j. Calculate the highest common divisor of 6 and u.
6
Suppose -1018*j + 10400 = -914*j. What is the highest common divisor of 475 and j?
25
Let j(d) = -18*d - 20*d + 7*d + 127. Let n be j(4). What is the greatest common divisor of 27 and n?
3
Suppose 4*w + 2*f + 5 = 7, -w = 4*f + 10. Let d(l) = 69*l - 53. Let q be d(w). What is the highest common factor of 119 and q?
17
Let r(v) = 22*v**2 - 3*v + 1. Let a be r(-4). Let w = 378 - a. What is the greatest common divisor of w and 169?
13
Let b(i) = -27*i**3 + i**2 + 5*i - 7. Let r be b(2). Let m = r + 225. What is the highest common factor of m and 256?
16
Let z = 1526 - 1017. Let r = z - 505. Calculate the greatest common factor of r and 32.
4
Let q(a) = a**2 + 15 - 12*a + 5*a + 6*a - a**3 + 3*a. Let i be q(0). Calculate the greatest common factor of 9 and i.
3
Suppose 0 = -7*s - 814 - 348. Let u = -159 - s. Let l(p) = 34*p**3 + 2*p**2 - p. Let t be l(1). Calculate the greatest common factor of t and u.
7
Let y(x) = -4*x**3 - 9*x**2 + 3*x + 94. Let v be y(-6). Calculate the greatest common factor of v and 2926.
154
Let z(v) = -v**2 - 18*v - 69. Let m = -223 - -217. Let h be z(m). Calculate the highest common factor of 21 and h.
3
Suppose 0 = -a + z + 49, 18*z - 43 = -a + 21*z. Let c be 408/(-18) + (-2)/6. Let m = c + 49. What is the greatest common divisor of a and m?
26
Let h = 4344 + -3902. What is the highest common factor of h and 52?
26
Let f(n) = 340*n**3 + n**2 - 4*n + 4. Let b be f(1). Suppose 15*v - b = 4*v. What is the greatest common factor of v and 496?
31
Let c be (-5)/(-1 + -4) - -2. Let r(n) = 79*n + 140. Let f be r(c). Calculate the greatest common factor of f and 13.
13
Let g be 5/(-3)*36/(-6). Suppose q - 341 = -g*q. What is the greatest common divisor of 341 and q?
31
Let s be 4 + (3*-4)/4. Let z be (-6 + 7)/(s/21). Suppose -q + z = 2*q. What is the greatest common factor of q and 49?
7
Let y = -7105 + 7210. Calculate the highest common factor of y and 2793.
21
Let m(y) = -2*y. Let h be m(3). Let v be (-1015)/(-105) - (2 + 14/h). What is the highest common divisor of 80 and v?
10
Let i(l) = -1036*l - 11475. Let r be i(-12). Calculate the highest common factor of 2001 and r.
87
Let p(x) = 3*x**2 + 252 + 250*x + 3*x**2 - 2*x**2 - 289*x. Let k be p(15). What is the greatest common divisor of k and 243?
81
Suppose -2*n - 309 = 2304 - 4373. What is the greatest common factor of 520 and n?
40
Suppose 0 = 4*q + 5*p - 56, 4*q - 14*p + 11*p - 88 = 0. Let y be -1 - 2 - -1 - -3. Let f be 2 - 1 - (-133 + y). Calculate the highest common factor of q and f.
19
Let o = -19116 - -19857. Calculate the highest common divisor of o and 228.
57
Suppose q + 3*j - 37 = 14, -4*j + 200 = 5*q. Let h = -200 + 168. Let n = h + q. Calculate the greatest common divisor of 2 and n.
2
Let n = -110 - -118. Suppose -6*l + n*l = -4*c + 48, 0 = 2*l + 2*c - 38. What is the greatest common factor of l and 434?
14
Let p be 2*((-2)/30 + (-5698)/(-420)). Let n = 108 - 36. What is the greatest common factor of p and n?
9
Let u be 5/(25/2) - (1 + (-23656)/10). Calculate the greatest common divisor of 860 and u.
215
Let o = -17 - -34. Let p = o - -30. Calculate the highest common divisor of p and 141.
47
Let u be 120/28 - 2/7. Suppose -8*w + 528 = u*w. Let v(a) = 38*a - 4. Let p be v(3). What is the greatest common divisor of w and p?
22
Suppose 68*q - 650 - 710 = 0. Let z(u) = u**3 + 10*u**2 - 11*u - 10. Let w be z(-9). Calculate the greatest common divisor of w and q.
10
Suppose 0 = w - 3*r - 29 + 2, -w = 5*r - 51. Suppose 4*y - 96 = -w. Let x(h) = h - 9. Let n be x(y). What is the greatest common factor of 3 and n?
3
Let f = 45 + -30. Suppose -12*d + 7*d = 0. Suppose -5*g = 5*u - 0*u - 155, 3*u - 5*g - 85 = d. Calculate the greatest common divisor of f and u.
15
Suppose -336 = -7*m + 5*s + 439, -3*s - 223 = -2*m. Let i = -58 + 124. What is the highest common factor of m and i?
22
Suppose 3*z = 9*z - 120. Let y(d) = -d**3 - 10*d**2 + 13*d - 22. Let f be y(-12). Calculate the highest common divisor of f and z.
10
Suppose 2*n - 1499 + 149 = 0. Suppose 0 = -3*q + 2*p + 77, -4*p - 25 - 75 = -4*q. What is the highest common divisor of n and q?
27
Let u(d) = d**3 - 5*d**2 + 6*d - 9. Let 